 8*m**2 + 10*m + 20. Let o be c(-7). What is the hundreds digit of ((-38)/(-19) - 59*o)*2?
1
Suppose -t - 4953 + 40074 = 5*n, n - 2*t - 7033 = 0. What is the thousands digit of n?
7
Let n = -62 - 18. Let j = n + 247. What is the tens digit of j?
6
Let b = 241 + 74. Let f be 1*(-6)/(-3 + 0) - 2. Suppose -6*t + t + b = f. What is the tens digit of t?
6
Let t(z) be the second derivative of 7*z**4/12 + 15*z**3/2 + 5*z**2 + 5*z + 4. What is the tens digit of t(-7)?
3
Suppose 3*u - 3*n + 3 - 24 = 0, -2*n = 6. Suppose -946 = -4*c + 2*a, 0 = u*a + a - 25. What is the tens digit of c?
3
Let f(o) = 924*o**2 + 90*o + 17. What is the units digit of f(6)?
1
What is the tens digit of (-4)/(-2)*(-115808)/(-64)?
1
Let i(u) = -u**2 - 16*u + 20. Let t be i(-17). What is the hundreds digit of 805 + 0 + (-8)/2 + t?
8
Suppose -f = -v + 3258, 0 = 3*v - 2*v - 5*f - 3242. Suppose -197 = 5*n - v. What is the hundreds digit of n?
6
Suppose 772*k + 104357 - 4925 = 784*k. What is the tens digit of k?
8
Suppose 3750 = 3*s + 7*s. Suppose 18*m - s = 3*m. What is the units digit of m?
5
Let j(z) = 12*z**2 - 6*z + 14. Let p be j(2). Suppose 0 = -p*v + 51*v - 350. What is the units digit of v?
0
Suppose -4*r - 2*z = -222006, -12*r - 9*z = -8*r - 221999. What is the ten thousands digit of r?
5
Suppose -c = -p + c + 11, 4*c - 13 = -3*p. Let j = 1113 + -856. Suppose j + 331 = p*q. What is the units digit of q?
4
Let n(l) = -2*l**2 + 64*l + 67. Let s be n(33). Suppose -4*v + 5 = s, c = v + 160. What is the hundreds digit of c?
1
Suppose 0 = v + 4*p - 15852, -79*v + 76*v - 5*p = -47549. What is the thousands digit of v?
5
Suppose 14*i = 5*f + 18*i - 114049, -6*f = -2*i - 136852. What is the tens digit of f?
0
Let f = -385 - -520. Let m = f - 131. What is the units digit of m?
4
Let f = 29148 + -18461. What is the thousands digit of f?
0
Let p be 56 - (-4 + (-4 + 1 - -4)). Suppose -10*t = -p*t + 44688. What is the tens digit of t?
1
Suppose 3*n + 103086 = 2*s, -191769 - 14447 = -4*s - 5*n. What is the ten thousands digit of s?
5
Suppose -c - 9 = -2*n, 3*n = 2*c + c + 6. Let z(l) = -l**2 + l + 44. Let p be z(n). What is the units digit of (12/18)/(p/663)?
1
Let x = 31 + -6. Suppose -4*c = 12, 0 = -5*q - 3*c - 2*c - x. What is the tens digit of q - 149/(-1) - -4?
5
Let c be 75/45 + 6/(-9) + 0. Let k(x) = 27*x - 20. What is the units digit of k(c)?
7
Let y(n) = -9*n**3 + 17*n**2 - 33*n + 29. Let j(l) = 4*l**3 - 8*l**2 + 16*l - 14. Let g(r) = 7*j(r) + 3*y(r). What is the hundreds digit of g(9)?
4
Suppose -8*o + 4 = -4. Let z be -1 + o + (0 - 2) + 55. Let u = z - 36. What is the units digit of u?
7
Let w(r) = 12*r**2 + 3*r - 1. Suppose 9*c + 1734 = -8*c. Let g = c - -104. What is the units digit of w(g)?
3
Let o be (-14105)/(-31) - (-6)/2. Let t = -68 + o. What is the units digit of t?
0
Let w(n) be the first derivative of 7*n**3/3 + 6*n**2 + 5*n - 4. Let q(a) = a**3 - 22*a**2 + 20*a + 17. Let h be q(21). What is the units digit of w(h)?
9
Let h = 3155 - 3150. Let g(k) = -k**2 - 9*k - 8. Let w be g(-8). Suppose w*p + h = p. What is the units digit of p?
5
Let d = 33704 - 7316. What is the thousands digit of d?
6
Suppose -5*q - 65 = -5*b, -3*b = -b + 3*q - 41. Suppose 4*r - b = 4*g, 12 = 4*r - r - 5*g. Suppose -70 = -3*c - v + 19, -r*v = -20. What is the tens digit of c?
2
Let s = -55 - -1769. What is the thousands digit of s?
1
Let c(q) = 30*q - 51. Let u(z) = -6*z + 10. Let i(r) = 2*c(r) + 11*u(r). Let l be i(15). Let y = -52 - l. What is the tens digit of y?
3
Let c(l) = -7*l. Let j be c(0). Suppose j = -3*v + 316 + 1079. What is the units digit of v?
5
Let n = -15 - -25. Let j be ((-3)/n)/(2/(-8))*120. Suppose 5*h - j = 4*h. What is the hundreds digit of h?
1
Let j(v) = 8*v - 21. Let z be j(3). Suppose -x - 4*c + 454 = 0, 4*c - 337 = -z*x + 1041. What is the tens digit of x?
6
Let n(v) be the first derivative of -v**4 - 3*v**2/2 - 3*v - 12. Let o be n(-1). Suppose 5*a - o*y = 1012, 3*a - 620 = -2*y - 2*y. What is the units digit of a?
4
Let f(o) = -o**3 + 20*o**2 - 6*o**2 + 2 - 6 - 7. Let i be f(14). What is the units digit of 13/2*(-110)/i?
5
What is the thousands digit of 6825/875 - (-1)/5 - (-1 - 37917)?
7
Let c be (2 + -2)/(12 - 13). Let d(f) = f**2 - 9*f + 21*f + 2 + c. What is the tens digit of d(-15)?
4
Let f = -22 - -68. Suppose -5*d - 49 = -2*r, -3*r - 2*d = -4*d - f. What is the tens digit of 18*40/r*4/6?
4
Let d(s) = -s**2 - 19*s - 42. What is the tens digit of d(-11)?
4
Suppose 4*l = -5*z + 28597, -z = -2*l + 3531 + 10778. What is the tens digit of l?
5
Suppose -14*b = -12*b - 56. Let k be ((-2)/(-4))/(7/b). Suppose k*z = 4*z - 66. What is the units digit of z?
3
Suppose 3*a = 3*x - 3, 3*a + 3*x + 1 = 5*x. Let k be 2*(0 + a + 1 + -1). What is the units digit of (k/(0 + 6))/(1/69)?
3
Let v be 30/40 + 1034/8 + -2. Let j be (8/(v/12))/(2/(-144)). What is the units digit of j/(-6) - (0 + 0)/(-2)?
9
Let x(l) = -128*l - 1525. What is the tens digit of x(-42)?
5
What is the units digit of 517 - (3 + -4 - -2)?
6
Suppose 11*k + 7*k - 162 = 0. What is the tens digit of 41083/63 - 1/k?
5
Let p = -268 + 1209. What is the tens digit of p - 9 - (7 - 5)?
3
Suppose -2*v - 331 = -81. Let g = -254 - -8. Let b = v - g. What is the units digit of b?
1
Let m be (2 - 1)*(-5)/((-25)/20). Suppose -9*k = -7*k - m. What is the units digit of 2*(14/21 - k/12)?
1
Let y = 15673 - 1707. What is the hundreds digit of y?
9
Let n(c) be the third derivative of -17*c**6/20 - c**5/30 - c**4/24 - c**3/2 - 67*c**2. What is the hundreds digit of n(-2)?
8
Let u be (1 - -14)/(42/(-56)). Let x be ((-2)/(-10) - 1176/u) + 4. What is the units digit of (-68)/(-3)*x/42?
4
Let k = -44 + -128. Let i = k + 310. What is the units digit of i?
8
Let i be (-2 - (-40)/(-1))*16/(-48). What is the units digit of 13/((-1)/116*(10 - i))?
7
Let x = 18158 + -12403. What is the thousands digit of x?
5
What is the hundreds digit of 17170 - (13 - (-3 + 32))?
1
Let p = 82 - 79. Suppose -4*b = -3*m + 336, -p*m = -b - 2*b - 339. What is the tens digit of m/8*(2 - 0)?
2
Let g be ((-3)/2)/((-276)/(-56) - 5). Let i(o) = -o**3 + 25*o**2 + 20*o + 6. Let d be i(g). What is the tens digit of ((d/9)/(-5))/(2/(-6))?
4
Let c = 9 - 5. Let a = -52 + 104. Suppose c*v - 296 = a. What is the units digit of v?
7
Let g(u) = 4*u**2 + 3*u - 3. Let y be g(8). Suppose 9*x = y + 155. Let l = -46 + x. What is the units digit of l?
2
What is the hundreds digit of (552/(-207))/((-3)/4635)?
1
Suppose -51*b + 964260 = b + 38*b. What is the thousands digit of b?
0
Suppose 647*n + 378208 = 700*n. What is the units digit of n?
6
Suppose -15*v + 283 = 163. What is the tens digit of ((-60)/v)/(1988/(-248) + 8)?
6
Let y(b) be the third derivative of -b**6/40 - b**5/6 + b**4/6 + 4*b**3/3 + 26*b**2. Let x be y(-7). What is the tens digit of 2/(-3) - (x/(-9) + 1)?
5
Let i = 57 + -32. Suppose 15 - i = w. What is the tens digit of 1145/25 + (-2)/w?
4
Let d = 9107 + 7181. What is the hundreds digit of d?
2
Let t be (-272)/(-72) - 8/(-36). Suppose t*b = j + 7836, -j = -0*j - 4. What is the units digit of b?
0
Let l(d) = d**2 - d - 4. Let j be l(3). Let t = 536 - 531. Suppose j*r - 225 = -t*i, -4*r + 432 = 6*i - 2*i. What is the tens digit of r?
0
Suppose 4*a + 4*p - 32 = 0, 4*a + 5 = 4*p - 3. Let g(f) = 20*f**2 - 1369*f + a + 1367*f - 24*f**2 + 52*f**2. What is the tens digit of g(1)?
4
Suppose 773 = h - 2*l, 3*l = l + 2. Suppose 0 = 2*o - 0*o - 3*p - h, 3*o = -2*p + 1130. What is the hundreds digit of o?
3
Let x = -69585 + 123994. What is the thousands digit of x?
4
Let b(u) = -2*u + 15. Let a be b(5). Let s(i) = -25*i + a + 5 + 5 + 53*i**2 - 54*i**2. What is the units digit of s(-19)?
9
Let j = 518 - -80. Suppose -5*m + 1371 = -3*n, -3*m - 4*n + j + 213 = 0. What is the hundreds digit of m?
2
Suppose -66764 = -43*l + 39*l - u, -l + u + 16696 = 0. What is the units digit of l?
2
Let b = -52 + 59. Suppose 0 = b*m - m - 426. Let a = m - -77. What is the tens digit of a?
4
Suppose -j - 27 + 209 = 2*l, -2*j - 3*l + 369 = 0. Suppose 2*n - 553 = -5*k, -27*k = -3*n - 26*k + 872. Let s = n - j. What is the tens digit of s?
9
Let m(r) = r**3 + 27*r**2 + 50*r + 2. Let p be m(-25). Suppose 0*z - 81 = z - 5*v, p*z + 2*v = -102. What is the tens digit of (15/30)/((-2)/z)?
1
Let f(c) 